culate the highest common divisor of 105977 and 1.
1
What is the highest common divisor of 9 and 73449?
9
What is the highest common factor of 1012 and 868549?
253
What is the greatest common divisor of 2173421 and 393?
131
Calculate the greatest common divisor of 12047475 and 275.
275
Calculate the highest common factor of 4115 and 5.
5
What is the greatest common divisor of 42226 and 544028?
982
Calculate the greatest common divisor of 501860 and 1196.
92
What is the greatest common factor of 4480 and 2156?
28
Calculate the greatest common factor of 292995 and 765.
765
Calculate the greatest common factor of 156 and 367107.
39
Calculate the greatest common factor of 1372830 and 3015.
1005
Calculate the greatest common divisor of 349525 and 2035.
55
Calculate the greatest common divisor of 24 and 42444.
12
Calculate the greatest common divisor of 1026 and 5339.
19
What is the highest common factor of 2960 and 6960?
80
Calculate the highest common factor of 850 and 15500.
50
What is the highest common factor of 25248 and 42?
6
Calculate the greatest common factor of 15755 and 822.
137
Calculate the greatest common divisor of 75177 and 3852.
9
What is the highest common factor of 8618 and 33360?
278
What is the highest common divisor of 2744 and 1288?
56
Calculate the greatest common factor of 57460 and 7605.
845
What is the highest common divisor of 152892 and 744?
372
What is the greatest common factor of 110330 and 3366?
374
Calculate the highest common divisor of 96 and 1290480.
48
Calculate the highest common factor of 684 and 999.
9
What is the greatest common divisor of 16568 and 586856?
872
What is the highest common factor of 40775 and 7?
7
What is the greatest common divisor of 88296 and 120?
24
What is the highest common factor of 10971 and 161?
23
Calculate the highest common factor of 344610 and 288.
18
Calculate the greatest common divisor of 46863 and 615.
123
What is the greatest common divisor of 352222 and 2622?
874
What is the highest common factor of 1806579 and 9?
9
What is the greatest common factor of 55393 and 13?
13
Calculate the greatest common factor of 2298 and 1536.
6
What is the greatest common divisor of 575 and 4462?
23
Calculate the greatest common factor of 259281 and 1649.
97
Calculate the highest common divisor of 3057129 and 27.
27
What is the greatest common divisor of 12929814 and 36?
18
What is the highest common divisor of 2282693 and 7?
7
Calculate the greatest common factor of 26514 and 378.
54
What is the greatest common factor of 138348 and 488?
244
Calculate the highest common divisor of 121 and 18986.
11
What is the highest common divisor of 24 and 120?
24
What is the highest common divisor of 632630 and 2870?
410
What is the highest common divisor of 7 and 95179?
7
Calculate the highest common divisor of 200010 and 40.
10
Calculate the highest common factor of 561 and 4539.
51
What is the highest common factor of 260 and 187490?
10
What is the greatest common factor of 4300 and 378185?
215
What is the greatest common factor of 596 and 788806?
298
Calculate the highest common divisor of 9061 and 64821.
697
Calculate the highest common factor of 444 and 56044.
4
What is the highest common divisor of 78493 and 212?
53
What is the greatest common factor of 888 and 23304?
24
What is the highest common factor of 57 and 2997?
3
Calculate the greatest common factor of 28 and 13748.
28
What is the greatest common divisor of 967234 and 2252?
1126
Calculate the highest common factor of 50568 and 75558.
294
Calculate the highest common divisor of 24 and 2342448.
24
Calculate the highest common divisor of 282440 and 368.
184
What is the greatest common factor of 6450 and 2666?
86
What is the highest common factor of 172716 and 1036?
148
What is the highest common factor of 29268 and 1500?
12
What is the highest common divisor of 303231 and 61?
61
What is the highest common factor of 4 and 43508?
4
Calculate the highest common divisor of 205 and 20418.
41
What is the highest common divisor of 42 and 291186?
42
Calculate the highest common factor of 8617590 and 810.
810
Calculate the greatest common factor of 17883200 and 20.
20
Calculate the highest common factor of 80228 and 3100.
124
What is the highest common factor of 9009 and 136917?
99
What is the highest common factor of 31 and 2174867?
31
What is the highest common divisor of 84366 and 339426?
1962
Calculate the highest common divisor of 60 and 184060.
20
What is the greatest common factor of 1572 and 21300?
12
What is the highest common divisor of 336966 and 1848?
42
What is the highest common factor of 78078 and 26?
26
What is the highest common divisor of 2 and 781306?
2
Calculate the greatest common divisor of 1122660 and 720.
180
Calculate the highest common factor of 20414 and 40474.
118
What is the greatest common divisor of 306 and 46674?
18
What is the greatest common divisor of 573765 and 87?
87
What is the greatest common divisor of 544 and 145520?
272
Calculate the highest common divisor of 8 and 164.
4
What is the greatest common factor of 100 and 2072?
4
What is the highest common factor of 22737 and 99?
33
What is the highest common factor of 195 and 303570?
15
What is the greatest common factor of 630 and 1526?
14
Calculate the highest common factor of 30451 and 2405.
37
Calculate the greatest common factor of 475 and 9025.
475
What is the greatest common divisor of 69 and 93288?
69
Calculate the greatest common divisor of 6670 and 17690.
290
What is the greatest common factor of 673005 and 15?
15
Calculate the highest common factor of 3684 and 30.
6
What is the greatest common divisor of 108 and 9780?
12
What is the greatest common divisor of 78806 and 546?
182
Calculate the highest common divisor of 759 and 1030469.
253
Calculate the highest common factor of 96 and 2502.
6
Calculate the highest common factor of 11107 and 137497.
383
What is the greatest common divisor of 26730 and 510?
30
Calculate the highest common factor of 296 and 46.
2
Calculate the highest common factor of 35720 and 32.
8
Calculate the greatest common factor of 285 and 17685.
15
What is the highest common divisor of 19572 and 2625?
21
What is the highest common divisor of 141 and 107630?
47
What is the greatest common factor of 240 and 410496?
48
What is the highest common factor of 167308 and 93620?
604
What is the greatest common divisor of 49 and 211?
1
Calculate the highest common divisor of 2370 and 4359615.
1185
What is the greatest common factor of 16822 and 54995?
647
Calculate the greatest common factor of 96896 and 128.
128
Calculate the greatest common divisor of 924 and 1519287.
231
Calculate the highest common divisor of 79134 and 99.
33
Calculate the highest common divisor of 402924 and 12.
12
Calculate the greatest common factor of 75387 and 780.
39
What is the greatest common factor of 13 and 1009?
1
What is the greatest common divisor of 344 and 10936?
8
Calculate the highest common factor of 3 and 5742.
3
Calculate the greatest common divisor of 1239 and 11487.
21
What is the greatest common divisor of 253 and 5953343?
253
What is the greatest common divisor of 2335 and 41563?
467
What is the highest common factor of 34460 and 160?
20
What is the greatest common factor of 251716 and 4?
4
Calculate the highest common factor of 144 and 225378.
18
Calculate the greatest common divisor of 22 and 147939.
11
What is the highest common divisor of 202450 and 50?
50
Calculate the greatest common factor of 148833 and 2277.
207
Calculate the highest common divisor of 194 and 88949.
97
Calculate the greatest common divisor of 522319 and 527.
31
Calculate the highest common divisor of 799917 and 276.
69
Calculate the greatest common factor of 91826 and 27173.
937
Calculate the highest common divisor of 16 and 2575504.
16
Calculate the greatest common factor of 3460 and 3114.
346
Calculate the highest common factor of 398359 and 78.
13
What is the greatest common factor of 77627 and 11?
11
Calculate the highest common divisor of 4189880 and 304.
152
What is the greatest common factor of 40 and 23570680?
40
Calculate the greatest common factor of 12 and 423948.
12
Calculate the greatest common factor of 15 and 434685.
15
Calculate the highest common divis